7
In base 13, what is -b - 1157?
-1165
In base 11, what is -232 + 162a?
13a8
In base 2, what is 1111110101001 + 1001?
1111110110010
In base 8, what is -21132 - 12?
-21144
In base 13, what is 14533 - -1?
14534
In base 9, what is -1508 + -165?
-1674
In base 15, what is -25 - 36?
-5b
In base 11, what is a1a68 - 2?
a1a66
In base 8, what is 1 + 715023?
715024
In base 6, what is 302555 + 5?
303004
In base 4, what is 1031021 - 103?
1030312
In base 16, what is -a + 31e0?
31d6
In base 7, what is -5 - -1510114?
1510106
In base 9, what is 3642 - 2?
3640
In base 14, what is -65ddb + 2?
-65dd9
In base 14, what is 2b4c + 106?
2c54
In base 8, what is -2 + 31456?
31454
In base 6, what is 103045115 + 3?
103045122
In base 6, what is -11 + -551342?
-551353
In base 2, what is 11110111011100101 - -1?
11110111011100110
In base 4, what is 1110100 + 20?
1110120
In base 10, what is 760 + 35?
795
In base 2, what is -11110110100 + -11?
-11110110111
In base 4, what is -21 + 112222300?
112222213
In base 13, what is -4 + 76a0?
7699
In base 10, what is -6 + 60002?
59996
In base 3, what is -1 + -101202222020?
-101202222021
In base 14, what is -c7ad3 - 1?
-c7ad4
In base 11, what is -660 - -1?
-65a
In base 10, what is -77 + -11?
-88
In base 6, what is 221 + 455452?
500113
In base 10, what is -135 + 20148?
20013
In base 5, what is 20 + 344213?
344233
In base 9, what is -2 - 11082?
-11084
In base 13, what is -45 + 109a3?
1095b
In base 11, what is 794 - 11?
783
In base 13, what is a9b + 5b3?
1381
In base 5, what is -30401 + -11343?
-42244
In base 6, what is -25 + -13041?
-13110
In base 3, what is 110 - 1220111?
-1220001
In base 14, what is c - 3a3?
-395
In base 12, what is -198 - 155?
-331
In base 5, what is 1 - 22214343?
-22214342
In base 3, what is -11122 + -20011020?
-20022212
In base 13, what is 4006 + -6a?
3c69
In base 9, what is 4 + -275407?
-275403
In base 14, what is 2132 - -61?
2193
In base 4, what is 12321120000 - 3?
12321113331
In base 7, what is 336643 + 112?
340055
In base 8, what is -125 - -17?
-106
In base 3, what is -22222020121 - 2?
-22222020200
In base 8, what is -2533716 - -2?
-2533714
In base 12, what is 44a2 + -68?
4436
In base 8, what is -1750 - -12?
-1736
In base 10, what is -881943 + 8?
-881935
In base 9, what is -1342 - 2457?
-3810
In base 3, what is -221 + 21211000110?
21210222112
In base 7, what is -1005335 - -1?
-1005334
In base 4, what is 31333 - -2203?
100202
In base 8, what is -7 + 1104?
1075
In base 16, what is a - -513?
51d
In base 6, what is 24032 + -200?
23432
In base 8, what is 24 - -11522?
11546
In base 10, what is -7396 - 0?
-7396
In base 11, what is -638 - -20?
-618
In base 14, what is 3956 - 3b?
3919
In base 14, what is -a2 + -203?
-2a5
In base 10, what is 1 + -235149?
-235148
In base 3, what is 111 + -20211201?
-20211020
In base 12, what is -a - 57a66?
-57a74
In base 12, what is -1 + -29442?
-29443
In base 12, what is 227 + -2ba8?
-2981
In base 6, what is -104301511 - -3?
-104301504
In base 13, what is 22a + -63?
197
In base 11, what is 4497a - -1?
44980
In base 4, what is 121 + 12031?
12212
In base 4, what is -10 - -3023220330?
3023220320
In base 4, what is -3003 + 100?
-2303
In base 3, what is -1021212 - -210?
-1021002
In base 2, what is 110100111101011 + -1?
110100111101010
In base 11, what is -4 + -5073?
-5077
In base 13, what is 3 - -519c1?
519c4
In base 13, what is 103 + -17b8?
-16b5
In base 5, what is 10 - 111224122?
-111224112
In base 13, what is 4 + 4035?
4039
In base 2, what is -10 - 110111111101?
-110111111111
In base 2, what is 10001 - 110001101101001?
-110001101011000
In base 15, what is -29 - 9d?
-c7
In base 10, what is -81 - -118?
37
In base 5, what is -44422310 + -2?
-44422312
In base 3, what is -10010110100 - 12?
-10010110112
In base 11, what is 612 - 3006?
-24a4
In base 5, what is 103403 - 2000?
101403
In base 15, what is 17 - 1101?
-10d9
In base 3, what is 121220012 - 1220?
121211022
In base 2, what is 101000000101010 - -10101?
101000000111111
In base 3, what is -21202210011102 - -1?
-21202210011101
In base 12, what is -6 + 7a60?
7a56
In base 3, what is -101 + 10210?
10102
In base 15, what is 343d2 - 4?
343cd
In base 7, what is 162 + 10611?
11103
In base 8, what is -7244 + -2?
-7246
In base 9, what is -116 - -80?
-26
In base 6, what is -3544 - 42?
-4030
In base 8, what is -11134 + 13?
-11121
In base 2, what is -10000100101010 + 110010?
-10000011111000
In base 5, what is -2440 - 100400?
-103340
In base 4, what is 2231 - 13131?
-10300
In base 13, what is 1 + 2c8360?
2c8361
In base 5, what is -424 + -41044?
-42023
In base 10, what is -701 - 1799?
-2500
In base 16, what is -b6 - 90a?
-9c0
In base 10, what is -229435 - -2?
-229433
In base 3, what is 102022022202 - -20?
102022022222
In base 11, what is -2 - -1941a4?
1941a2
In base 9, what is 50 - -642?
702
In base 10, what is 13233 - -140?
13373
In base 5, what is -341 - 120203?
-121044
In base 3, what is 212 - 21112022?
-21111110
In base 9, what is 1533 - -1537?
3171
In base 6, what is -1341044 + -42?
-1341130
In base 16, what is -1d7c - -15?
-1d67
In base 7, what is -2151514 - -5?
-2151506
In base 10, what is -95 - -3330?
3235
In base 5, what is -14 - -42440?
42421
In base 11, what is -856a1 + -5?
-856a6
In base 11, what is -120a88 + -4?
-120a91
In base 6, what is -14143 - -13?
-14130
In base 16, what is -87d3b - 0?
-87d3b
In base 16, what is 6 + -15ea?
-15e4
In base 16, what is -2d + 1e90?
1e63
In base 10, what is 389639 + 1?
389640
In base 15, what is 3 + dc820?
dc823
In base 15, what is 1d1 + -ba7?
-9c6
In base 5, what is -221 + -213213?
-213434
In base 9, what is -2367 + 5?
-2362
In base 14, what is 1991 + 34?
19c5
In base 15, what is -5b8 - -1d?
-59a
In base 11, what is -46 - -127?
91
In base 11, what is -101774 + 2?
-101772
In base 10, what is -3 - 199102?
-199105
In base 5, what is -110403 - 1?
-110404
In base 4, what is 10033 - 2122?
1311
In base 2, what is 11100011 - 110101000?
-11000101
In base 12, what is -6 + 1730?
1726
In base 16, what is -378 - 1?
-379
In base 4, what is -111331 - -10001?
-101330
In base 9, what is -2 + 341852?
341850
In base 12, what is 2 + 302a1?
302a3
In base 14, what is -60b + -685?
-c92
In base 6, what is -20431 + -4?
-20435
In base 12, what is 11a769 + -2?
11a767
In base 5, what is 33 + 21412?
22000
In base 11, what is 0 + 11a92?
11a92
In base 3, what is 12 - 202002111?
-202002022
In base 10, what is -4 + -208614?
-208618
In base 12, what is -394ab5 + 0?
-394ab5
In base 12, what is -a15 - -4?
-a11
In base 16, what is f0e - -47?
f55
In base 9, what is -8027 - 2?
-8030
In base 11, what is 2199 - 1a6?
1aa3
In base 2, what is 10110001011010001 - -100?
10110001011010101
In base 8, what is -3 - 10125?
-10130
In base 4, what is -320100 + 3?
-320031
In base 11, what is -77 + a99?
a22
In base 8, what is 26 + 6660?
6706
In base 6, what is 2 + 50353?
50355
In base 14, what is 17 + -4c92?
-4c79
In base 6, what is -1540 + 435?
-1101
In base 6, what is 1423234 + 100?
1423334
In base 2, what is 10001100 - -1100101?
11110001
In base 4, what is -10 + -23110030?
-23110100
In base 16, what is b + 490e?
4919
In base 16, what is -30f8a + 3?
-30f87
In base 15, what is -42be04 - 4?
-42be08
In base 14, what is -66 + -1c8c?
-1d14
In base 10, what is 2336782 - 0?
2336782
In base 15, what is 2a - -42a?
455
In base 6, what is 41 - -43125?
43210
In base 3, what is -100221122111 + 2?
-100221122102
In base 5, what is 121 - 320?
-144
In base 12, what is -1 + -4b25?
-4b26
In base 6, what is 3151 - 1?
3150
In base 12, what is 4843b - -8?
48447
In base 8, what is 3336 + -7?
3327
In base 10, what is 38720 + 10?
38730
In base 4, what is -1110212120 + -1?
-1110212121
In base 10, what is 37 - -2852?
2889
In base 9, what is -104282 - 1?
-104283
In base 2, what is 1100010 - 110011000111?
-110001100101
In base 4, what is 1002312 + -20231?
322021
In base 12, what is -1582b + 1?
-1582a
In base 16, what is 88dd - 6e?
886f
In base 13, what is -266 + -84?
-31a
In base 6, what is -10203413 + 2?
-10203411
In base 2, what is 110001 - 101010010?
-100100001
In base 6, what is 43510 - -4412?
52322
In base 10, what is -30 - -2225?
2195
In base 7, what is 1241 + -35206?
-33635
In base 3, what is 222120 - -1111201?
2111021
In base 11, what is -4 - -11801?
117a8
In base 10, what is -119805